{"id":17645,"date":"2023-01-17T15:51:08","date_gmt":"2023-01-17T14:51:08","guid":{"rendered":"https:\/\/www.neuro-physiol.med.uni-goettingen.de\/wordpress\/?page_id=17645"},"modified":"2025-11-07T20:10:18","modified_gmt":"2025-11-07T19:10:18","slug":"prof-dr-silvio-o-rizzoli-deutsch","status":"publish","type":"page","link":"https:\/\/www.neuro-physiol.med.uni-goettingen.de\/wordpress\/prof-dr-silvio-o-rizzoli-deutsch\/","title":{"rendered":"Prof. Dr. SILVIO O. RIZZOLI"},"content":{"rendered":"<p><span style=\"font-size: 14pt;\"><img loading=\"lazy\" decoding=\"async\" class=\"shadow-effect alignnone\" src=\"https:\/\/www.neuro-physiol.med.uni-goettingen.de\/wordpress\/wp-content\/uploads\/2021\/06\/Silvio_Rizzoli.png\" alt=\"\" width=\"200\" height=\"200\" \/><\/span><br \/>\n<br class=\"clear\" \/><br \/>\nDie Beugungsbarriere ist besonders problematisch f\u00fcr die Abbildung synaptischer Vesikel, die zu den kleinsten bekannten Organellen geh\u00f6ren (30\u201350<span style=\"margin-left:0.167em;\"><span style=\"display:none;\">&nbsp;<\/span><\/span>nm Durchmesser). Sie befinden sich in kleinen Bereichen in den Synapsen (etwa 1<span style=\"margin-left:0.167em;\"><span style=\"display:none;\">&nbsp;<\/span><\/span>\u00b5m im Durchmesser).<\/p>\n<div style=\"text-indent: 5%;\">Unsere Gruppe nutzt die Vorteile der h\u00f6heren Bildaufl\u00f6sung, die durch verschiedene Arten der Mikroskopie erm\u00f6glicht wird, um die Funktion synaptischer Vesikel zu untersuchen, wobei der Schwerpunkt auf dem Recycling synaptischer Vesikel liegt. Seit die STED-Mikroskopie auch die Abbildung von Protein-Dom\u00e4nen erm\u00f6glicht, zielt die Gruppe darauf ab, die Musterung von Protein-Dom\u00e4nen in der Synapse zu untersuchen, um ihre molekulare Architektur zu verstehen.<\/div>\n<p><br class=\"clear\" \/><\/p>\n<div style=\"font-family: dinalternate-bold; text-align: right; font-size: 18pt;\"><a href=\"https:\/\/www.umg.eu\/en\/news-detail\/news-detail\/detail\/news\/one-microscopy-from-molecule-to-3d-structure-with-conventional-microscopy\/\" rel=\"noopener\" target=\"_blank\">ONE Microscopy<\/a><\/div>\n<hr \/>\n<div style=\"font-family: dinalternate-bold; text-align: right; font-size: 14pt;\"><a href=\"https:\/\/www.neuro-physiol.med.uni-goettingen.de\/wordpress\/prof-dr-silvio-o-rizzoli\/\">English  <img loading=\"lazy\" decoding=\"async\" src=\"https:\/\/www.neuro-physiol.med.uni-goettingen.de\/wordpress\/wp-content\/uploads\/Pfeil-rechts.png\" alt=\"\" width=\"50\" height=\"50\" \/><\/a><\/div>\n<div style=\"font-family: DINAlternate-Light; line-height: 1.4em; font-size: 13pt\">Tel. +49-551-39 65 911<br \/>\n<a href=\"mailto:srizzol@gwdg.de\"> srizzol(at)\u2026<\/a><br \/>\n<a href=\"https:\/\/www.rizzoli-lab.de\" target=\"_blank\" rel=\"noopener\">rizzoli-lab.de<\/a><br \/>\n&nbsp;<br \/>\n<a href=\"https:\/\/bin.umg.eu\" target=\"_blank\">Center for Biostructural Imaging of Neurodegeneration (BIN)<\/a><br \/>\nVon-Siebold-Stra\u00dfe 3a | 37075 G\u00f6ttingen<br \/>\nTel. +49-551-39 61 111<br \/>\nFax +49-551-39 61 112<br \/>\n<a href=\"mailto:bin.administration@med.uni-goettingen.de\"> bin.administration(at)\u2026<\/a><\/div>\n","protected":false},"excerpt":{"rendered":"<p>Die Beugungsbarriere ist besonders problematisch f\u00fcr die Abbildung synaptischer Vesikel, die zu den kleinsten bekannten Organellen geh\u00f6ren (30\u201350&nbsp;nm Durchmesser). Sie befinden sich in kleinen Bereichen in den Synapsen (etwa 1&nbsp;\u00b5m im Durchmesser). Unsere Gruppe nutzt die Vorteile der h\u00f6heren Bildaufl\u00f6sung, die durch verschiedene Arten der Mikroskopie erm\u00f6glicht wird, um die Funktion synaptischer Vesikel zu untersuchen, &hellip; <\/p>\n<p class=\"link-more\"><a href=\"https:\/\/www.neuro-physiol.med.uni-goettingen.de\/wordpress\/prof-dr-silvio-o-rizzoli-deutsch\/\" class=\"more-link\"><span class=\"screen-reader-text\">\u201eProf. Dr. SILVIO O. RIZZOLI\u201c <\/span>weiterlesen<\/a><\/p>\n","protected":false},"author":3,"featured_media":0,"parent":0,"menu_order":0,"comment_status":"closed","ping_status":"closed","template":"","meta":{"footnotes":""},"class_list":["post-17645","page","type-page","status-publish","hentry"],"_links":{"self":[{"href":"https:\/\/www.neuro-physiol.med.uni-goettingen.de\/wordpress\/wp-json\/wp\/v2\/pages\/17645","targetHints":{"allow":["GET"]}}],"collection":[{"href":"https:\/\/www.neuro-physiol.med.uni-goettingen.de\/wordpress\/wp-json\/wp\/v2\/pages"}],"about":[{"href":"https:\/\/www.neuro-physiol.med.uni-goettingen.de\/wordpress\/wp-json\/wp\/v2\/types\/page"}],"author":[{"embeddable":true,"href":"https:\/\/www.neuro-physiol.med.uni-goettingen.de\/wordpress\/wp-json\/wp\/v2\/users\/3"}],"replies":[{"embeddable":true,"href":"https:\/\/www.neuro-physiol.med.uni-goettingen.de\/wordpress\/wp-json\/wp\/v2\/comments?post=17645"}],"version-history":[{"count":0,"href":"https:\/\/www.neuro-physiol.med.uni-goettingen.de\/wordpress\/wp-json\/wp\/v2\/pages\/17645\/revisions"}],"wp:attachment":[{"href":"https:\/\/www.neuro-physiol.med.uni-goettingen.de\/wordpress\/wp-json\/wp\/v2\/media?parent=17645"}],"curies":[{"name":"wp","href":"https:\/\/api.w.org\/{rel}","templated":true}]}}