{"id":25341,"date":"2024-01-04T09:44:01","date_gmt":"2024-01-04T08:44:01","guid":{"rendered":"https:\/\/www.neuro-physiol.med.uni-goettingen.de\/wordpress\/?page_id=25341"},"modified":"2025-09-05T09:32:33","modified_gmt":"2025-09-05T07:32:33","slug":"dr-eugenio-fornasiero-deutsch","status":"publish","type":"page","link":"https:\/\/www.neuro-physiol.med.uni-goettingen.de\/wordpress\/dr-eugenio-fornasiero-deutsch\/","title":{"rendered":"Dr. EUGENIO FORNASIERO"},"content":{"rendered":"<p><img loading=\"lazy\" decoding=\"async\" class=\"shadow-effect alignnone\" src=\"https:\/\/www.neuro-physiol.med.uni-goettingen.de\/wordpress\/wp-content\/uploads\/DSC_0034-1.png\" alt=\"\" width=\"200\" height=\"200\" \/><br \/>\n&nbsp;<\/p>\n<p style=\"text-align: left;\"><span style=\"font-size: 14pt; letter-spacing: 0.01em;\">Neben anderen Projekten arbeiten wir derzeit in Zusammenarbeit mit anderen Gruppen innerhalb<br \/>\nder Abteilung an der Entwicklung einer Reihe neuer Markierungsinstrumente. Au\u00dferdem verbessern<br \/>\nwir massenspektrometrische Ans\u00e4tze, um den Ersatz von Makromolek\u00fclen im Gehirn zu untersuchen.<\/span><\/p>\n<p>&nbsp;<\/p>\n<p style=\"text-align: left;\"><span style=\"font-family: dinalternate-bold; font-size: 15pt;\">Forschung<\/span><br \/>\n<span style=\"font-size: 14pt; letter-spacing: 0.01em;\"><span style=\"font-size: 14pt;\">\u2014<\/span> Untersuchung der Prinzipien der Biogenese und des Abbaus von synaptischen Vesikeln <\/span><br \/>\n<span style=\"padding-left: 22px; font-size: 14pt; letter-spacing: 0.01em;\">mit modernster Mikroskopie<br \/>\n<span style=\"font-size: 14pt;\">\u2014<\/span> Kl\u00e4rung der biologischen Prozesse, die der Hirnalterung zugrunde liegen,<\/span><br \/>\n<span style=\"padding-left: 22px; font-size: 14pt; letter-spacing: 0.01em;\">mithilfe von Multi-omik-Ans\u00e4tzen und Bioinformatik<br \/>\n<span style=\"font-size: 14pt;\">\u2014<\/span> Erforschung der Grundlagen des makromolekularen Umsatzes im Gehirn<\/span><br \/>\n<span style=\"padding-left: 22px; font-size: 14pt; letter-spacing: 0.01em;\">mit Schwerpunkt auf der Entwicklung von Neuronen und Physiologie<\/span><\/p>\n<p\/>\n&nbsp;<br \/>\n<span style=\"font-family: dinalternate-bold; font-size: 15pt;\"><span style=\"text-decoration: none;\">Gruppe<\/span><\/span><br \/>\n<span style=\"font-size: 14pt; letter-spacing: 0.01em;\"><a href=\"mailto:efornas@gwdg.de\">Dr. Eugenio F. Fornasiero, Gruppenleiter<\/a><br \/>\n<a href=\"mailto:kristina.jevdokimenko@med.uni-goettingen.de\">Kristina Jevdokimenko, Doktorandin<\/a><br \/>\n<a href=\"mailto:nishahemandhar.kumar@med.uni-goettingen.de\">Nisha Hemandhar Kumar, Doktorandin<\/a><br \/>\n<a href=\"mailto:ronja.rehm@med.uni-goettingen.de\">Ronja Rehm, Doktorandin<\/a><\/span><\/p>\n<hr \/>\n<div style=\"font-family: dinalternate-bold; text-align: right; font-size: 14pt;\"><a href=\"https:\/\/www.neuro-physiol.med.uni-goettingen.de\/wordpress\/dr-eugenio-fornasiero\/\">English  <img loading=\"lazy\" decoding=\"async\" src=\"https:\/\/www.neuro-physiol.med.uni-goettingen.de\/wordpress\/wp-content\/uploads\/Pfeil-rechts.png\" alt=\"\" width=\"50\" height=\"50\" \/><\/a><\/span><\/div>\n<p><span style=\"line-height: 1.2em; font-family: DINAlternate-Light; font-size: 14pt; letter-spacing: 0.01em;\">Tel. +49-551-39 67 930<br \/>\n<a href=\"mailto:efornas@gwdg.de\"> efornas(at)\u2026<\/a><br \/>\n<a href=\"http:\/\/www.fornasierolab.uni-goettingen.de\" target=\"_blank\" rel=\"noopener\">fornasierolab.uni-goettingen.de<\/a><\/span><\/p>\n","protected":false},"excerpt":{"rendered":"<p>&nbsp; Neben anderen Projekten arbeiten wir derzeit in Zusammenarbeit mit anderen Gruppen innerhalb der Abteilung an der Entwicklung einer Reihe neuer Markierungsinstrumente. Au\u00dferdem verbessern wir massenspektrometrische Ans\u00e4tze, um den Ersatz von Makromolek\u00fclen im Gehirn zu untersuchen. &nbsp; Forschung \u2014 Untersuchung der Prinzipien der Biogenese und des Abbaus von synaptischen Vesikeln mit modernster Mikroskopie \u2014 Kl\u00e4rung &hellip; <\/p>\n<p class=\"link-more\"><a href=\"https:\/\/www.neuro-physiol.med.uni-goettingen.de\/wordpress\/dr-eugenio-fornasiero-deutsch\/\" class=\"more-link\"><span class=\"screen-reader-text\">\u201eDr. EUGENIO FORNASIERO\u201c <\/span>weiterlesen<\/a><\/p>\n","protected":false},"author":3,"featured_media":0,"parent":0,"menu_order":0,"comment_status":"closed","ping_status":"closed","template":"","meta":{"footnotes":""},"class_list":["post-25341","page","type-page","status-publish","hentry"],"_links":{"self":[{"href":"https:\/\/www.neuro-physiol.med.uni-goettingen.de\/wordpress\/wp-json\/wp\/v2\/pages\/25341","targetHints":{"allow":["GET"]}}],"collection":[{"href":"https:\/\/www.neuro-physiol.med.uni-goettingen.de\/wordpress\/wp-json\/wp\/v2\/pages"}],"about":[{"href":"https:\/\/www.neuro-physiol.med.uni-goettingen.de\/wordpress\/wp-json\/wp\/v2\/types\/page"}],"author":[{"embeddable":true,"href":"https:\/\/www.neuro-physiol.med.uni-goettingen.de\/wordpress\/wp-json\/wp\/v2\/users\/3"}],"replies":[{"embeddable":true,"href":"https:\/\/www.neuro-physiol.med.uni-goettingen.de\/wordpress\/wp-json\/wp\/v2\/comments?post=25341"}],"version-history":[{"count":0,"href":"https:\/\/www.neuro-physiol.med.uni-goettingen.de\/wordpress\/wp-json\/wp\/v2\/pages\/25341\/revisions"}],"wp:attachment":[{"href":"https:\/\/www.neuro-physiol.med.uni-goettingen.de\/wordpress\/wp-json\/wp\/v2\/media?parent=25341"}],"curies":[{"name":"wp","href":"https:\/\/api.w.org\/{rel}","templated":true}]}}