{"id":25461,"date":"2024-01-04T19:59:10","date_gmt":"2024-01-04T18:59:10","guid":{"rendered":"https:\/\/www.neuro-physiol.med.uni-goettingen.de\/wordpress\/?page_id=25461"},"modified":"2024-07-24T09:22:55","modified_gmt":"2024-07-24T07:22:55","slug":"dr-felipe-opazo-deutsch","status":"publish","type":"page","link":"https:\/\/www.neuro-physiol.med.uni-goettingen.de\/wordpress\/dr-felipe-opazo-deutsch\/","title":{"rendered":"Dr. FELIPE OPAZO"},"content":{"rendered":"<p><span style=\"font-size: 14pt;\"><img loading=\"lazy\" decoding=\"async\" class=\"shadow-effect alignnone\" src=\"https:\/\/www.neuro-physiol.med.uni-goettingen.de\/wordpress\/wp-content\/uploads\/2021\/06\/Felipe_Opazo.jpg\" alt=\"\" width=\"200\" height=\"200\" \/><\/span><br \/>\n&nbsp;<\/p>\n<p><span style=\"text-align: left;\"><span style=\"font-family: din-regularalternate; font-size: 14pt; letter-spacing: 0.01em;\">Unsere Forschung konzentriert sich auf die Entwicklung molekularer Werkzeuge zur Untersuchung der Nanoanatomie von Neuronen und anderen biologischen Systemen. Wir entwickeln ma\u00dfgeschneiderte kleine Bindemittel (Aptamere &#038; Nanok\u00f6rper) zum Nachweis und zur Quantifizierung von Molek\u00fclen in lebenden und fixierten Zellen. Dazu verwenden wir verschiedene Nanoskopietechniken wie STED, STORM, DNA-PAINT, ExM und nanoSIMS, um die molekularen Lokalisationen und Mengen von Proteinen, die uns interessieren, mit hoher Pr\u00e4zision zu bestimmen.<\/span><\/span><\/p>\n<p>&nbsp;<br \/>\n&nbsp;<br \/>\n<span style=\"font-size: 15pt; font-family: dinalternate-bold;\"><span style=\"text-decoration: none;\">Gruppe<\/span><\/span><br \/>\n<span style=\"text-align: left;\"><span style=\"font-family: din-regularalternate; font-size: 14pt; letter-spacing: 0.01em;\"><a href=\"mailto:fopazo@gwdg.de\">Dr. Felipe Opazo, Gruppenleiter<\/span><\/a><\/span><br \/>\n<span style=\"font-family: din-regularalternate; font-size: 14pt; letter-spacing: 0.01em;\"><a href=\"mailto:nikos.mougios@med.uni-goettingen.de\">Nikoslaos Mougios, Doktorand<\/span><\/a><\/span><br \/>\n<span style=\"font-family: din-regularalternate; font-size: 14pt; letter-spacing: 0.01em;\"><a href=\"mailto:ommolbanin.asadpour@med.uni-goettingen.de\">Dr. Ommolbanin Asadpour, Postdoktorand<\/span><\/a><\/span><br \/>\n<span style=\"font-family: din-regularalternate; font-size: 14pt; letter-spacing: 0.01em;\"><a href=\"mailto:laszlo.albert@med.uni-goettingen.de\">L\u00e1szl\u00f3 Albert, Doktorand<\/span><\/a><\/span><br \/>\n<span style=\"font-family: din-regularalternate; font-size: 14pt; letter-spacing: 0.01em;\"><a href=\"mailto:amir.rahimi@med.uni-goettingen.de\">Amir Mohammad Rahimi, Doktorand<\/span><\/a><\/span><br \/>\n<span style=\"font-family: din-regularalternate; font-size: 14pt; letter-spacing: 0.01em;\"><a href=\"mailto:jannik.hentze@med.uni-goettingen.de\">Jannik Hentze, Chemisch-Technischer Assistent<\/span><\/a><\/span><br \/>\n<span style=\"font-family: din-regularalternate; font-size: 14pt; letter-spacing: 0.01em;\"><a href=\"mailto:b.salzmann@gwdg.de\">Brigitte Salzmann-Aue, Laborassistentin<\/span><\/a><\/span><\/span><\/p>\n<hr \/>\n<div style=\"font-family: dinalternate-bold; text-align: right; font-size: 14pt;\"><a href=\"https:\/\/www.neuro-physiol.med.uni-goettingen.de\/wordpress\/dr-felipe-opazo\/\">English  <img loading=\"lazy\" decoding=\"async\" src=\"https:\/\/www.neuro-physiol.med.uni-goettingen.de\/wordpress\/wp-content\/uploads\/Pfeil-rechts.png\" alt=\"\" width=\"50\" height=\"50\" \/><\/a><\/div>\n<p><span style=\"line-height: 1.2em; font-family: DINAlternate-Light; font-size: 14pt; letter-spacing: 0.01em;\">Tel. +49-551-39 61 156<br \/>\n<a href=\"mailto:fopazo@gwdg.de\"> fopazo(at)\u2026<\/a><br \/>\n<a href=\"https:\/\/opazolab.de\" target=\"_blank\" rel=\"noopener\">opazolab.de<\/a><\/span><\/p>\n","protected":false},"excerpt":{"rendered":"<p>&nbsp; Unsere Forschung konzentriert sich auf die Entwicklung molekularer Werkzeuge zur Untersuchung der Nanoanatomie von Neuronen und anderen biologischen Systemen. Wir entwickeln ma\u00dfgeschneiderte kleine Bindemittel (Aptamere &#038; Nanok\u00f6rper) zum Nachweis und zur Quantifizierung von Molek\u00fclen in lebenden und fixierten Zellen. Dazu verwenden wir verschiedene Nanoskopietechniken wie STED, STORM, DNA-PAINT, ExM und nanoSIMS, um die molekularen &hellip; <\/p>\n<p class=\"link-more\"><a href=\"https:\/\/www.neuro-physiol.med.uni-goettingen.de\/wordpress\/dr-felipe-opazo-deutsch\/\" class=\"more-link\"><span class=\"screen-reader-text\">\u201eDr. FELIPE OPAZO\u201c <\/span>weiterlesen<\/a><\/p>\n","protected":false},"author":3,"featured_media":0,"parent":0,"menu_order":0,"comment_status":"closed","ping_status":"closed","template":"","meta":{"footnotes":""},"class_list":["post-25461","page","type-page","status-publish","hentry"],"_links":{"self":[{"href":"https:\/\/www.neuro-physiol.med.uni-goettingen.de\/wordpress\/wp-json\/wp\/v2\/pages\/25461","targetHints":{"allow":["GET"]}}],"collection":[{"href":"https:\/\/www.neuro-physiol.med.uni-goettingen.de\/wordpress\/wp-json\/wp\/v2\/pages"}],"about":[{"href":"https:\/\/www.neuro-physiol.med.uni-goettingen.de\/wordpress\/wp-json\/wp\/v2\/types\/page"}],"author":[{"embeddable":true,"href":"https:\/\/www.neuro-physiol.med.uni-goettingen.de\/wordpress\/wp-json\/wp\/v2\/users\/3"}],"replies":[{"embeddable":true,"href":"https:\/\/www.neuro-physiol.med.uni-goettingen.de\/wordpress\/wp-json\/wp\/v2\/comments?post=25461"}],"version-history":[{"count":0,"href":"https:\/\/www.neuro-physiol.med.uni-goettingen.de\/wordpress\/wp-json\/wp\/v2\/pages\/25461\/revisions"}],"wp:attachment":[{"href":"https:\/\/www.neuro-physiol.med.uni-goettingen.de\/wordpress\/wp-json\/wp\/v2\/media?parent=25461"}],"curies":[{"name":"wp","href":"https:\/\/api.w.org\/{rel}","templated":true}]}}