{"id":98,"date":"2011-08-01T14:52:36","date_gmt":"2011-08-01T13:52:36","guid":{"rendered":"https:\/\/www.neuro-physiol.med.uni-goettingen.de\/wordpress\/?page_id=98"},"modified":"2024-09-23T09:27:05","modified_gmt":"2024-09-23T07:27:05","slug":"2006-2","status":"publish","type":"page","link":"https:\/\/www.neuro-physiol.med.uni-goettingen.de\/wordpress\/publications\/2006-2\/","title":{"rendered":"Publications\u00a0\u00a02006"},"content":{"rendered":"<p><img loading=\"lazy\" decoding=\"async\" src=\"https:\/\/www.neuro-physiol.med.uni-goettingen.de\/wordpress\/wp-content\/uploads\/Publication-Regale3.png\" alt=\"\" width=\"1135\" height=\"200\" \/><br \/>\n&nbsp;<br \/>\n&nbsp;<br \/>\n&nbsp;<br \/>\n&nbsp;<\/p>\n<div style=\"margin-left: 5em; text-align: left; line-height: 1.2em; font-family: dinalternate-italic; font-size: 12pt;\">1. B\u00fcschges A, Duch C, Grillner S, Isa T, Lansner A, Pfl\u00fcger HJ, Richter DW, Sillar KT, Smith JC, Sparks DL.<\/p>\n<div style=\"line-height: 22pt; font-family: dinalternate-bold; font-size: 18pt;\"><a href=\"https:\/\/direct.mit.edu\/books\/edited-volume\/1982\/chapter-abstract\/54137\/Group-Report-Microcircuits-in-the-Motor-System?redirectedFrom=fulltext\" rel=\"noopener\" target=\"_blank\">Microcircuits in the Motor System<\/a><\/p>\n<div style=\"margin-top: -1em; line-height: 1.2em; font-family: din-regularalternate; font-size: 12pt;\">In: Grillner S, Graybiel AM (Hg.) Microcircuits: The Interface between Neurons and Global Brain Function.<br \/>\nThe MIT Press, Cambridge, 77-103<\/div>\n<\/div>\n<\/div>\n<hr style=\"margin-left: -20%; align-right; width: 65%; border: 0; height: 1px; background-image: linear-gradient(90deg, rgba(239,239,239,1) 0%, rgba(168,168,168,1) 38%, rgba(50,50,50,1) 88%);\"\/>\n&nbsp;<br \/>\n&nbsp;<br \/>\n&nbsp;<\/p>\n<div style=\"margin-left: 5em; text-align: left; line-height: 1.2em; font-family: dinalternate-italic; font-size: 12pt;\">2. Dudanova I, Sedej S, Ahmad M, Masius H, Sargsyan V, Zhang W, Riedel D, Angenstein F,<br \/>\nSchild D, Rupnik M, Missler M.<\/p>\n<div style=\"line-height: 22pt; font-family: dinalternate-bold; font-size: 18pt;\"><a href=\"https:\/\/pubmed.ncbi.nlm.nih.gov\/17035546\/\" target=\"_blank\" rel=\"noopener noreferrer\">Important contribution of alpha-neurexins to Ca2+-triggered<br \/>\nexocytosis of secretory granules<\/a><\/p>\n<div style=\"margin-top: -1em; font-family: din-regularalternate; font-size: 12pt;\">J Neurosci. 2006 Oct 11;26(41):10599-613. doi: 10.1523\/JNEUROSCI.1913-06.2006<\/div>\n<\/div>\n<\/div>\n<hr style=\"margin-left: -20%; align-right; width: 65%; border: 0; height: 1px; background-image: linear-gradient(90deg, rgba(239,239,239,1) 0%, rgba(168,168,168,1) 38%, rgba(50,50,50,1) 88%);\"\/>\n&nbsp;<br \/>\n&nbsp;<br \/>\n&nbsp;<\/p>\n<div style=\"margin-left: 5em; text-align: left; line-height: 1.2em; font-family: dinalternate-italic; font-size: 12pt;\">3. Dutschmann M, Herbert H.<\/p>\n<div style=\"line-height: 22pt; font-family: dinalternate-bold; font-size: 18pt;\"><a href=\"https:\/\/pubmed.ncbi.nlm.nih.gov\/16930433\/\" target=\"_blank\" rel=\"noopener noreferrer\">The K\u00f6lliker-Fuse nucleus gates the postinspiratory phase of the respiratory cycle to control inspiratory off-switch and upper airway resistance in rat<\/a><\/p>\n<div style=\"margin-top: -1em; font-family: din-regularalternate; font-size: 12pt;\">Eur J Neurosci. 2006 Aug;24(4):1071-84. doi: 10.1111\/j.1460-9568.2006.04981.x<\/div>\n<\/div>\n<\/div>\n<hr style=\"margin-left: -20%; align-right; width: 65%; border: 0; height: 1px; background-image: linear-gradient(90deg, rgba(239,239,239,1) 0%, rgba(168,168,168,1) 38%, rgba(50,50,50,1) 88%);\"\/>\n&nbsp;<br \/>\n&nbsp;<br \/>\n&nbsp;<\/p>\n<div style=\"margin-left: 5em; text-align: left; line-height: 1.2em; font-family: dinalternate-italic; font-size: 12pt;\">4. Fairless R, Reissner C, Missler M.<\/p>\n<div style=\"line-height: 22pt; font-family: dinalternate-bold; font-size: 18pt;\"><a href=\"https:\/\/link.springer.com\/chapter\/10.1007\/978-0-387-32562-0_8\" target=\"_blank\" rel=\"noopener noreferrer\">Role of neuroligin binding to neurexins in synaptic organization<\/a><\/p>\n<div style=\"margin-top: -1em; line-height: 1.2em; font-family: din-regularalternate; font-size: 12pt;\">Molecular Mechanisms of Synaptogenesis. Springer Verlag, New York, 111 &#8211; 124.<br \/>\ndoi: 10.1007\/978-0-387-32562-0_8<\/div>\n<\/div>\n<\/div>\n<hr style=\"margin-left: -20%; align-right; width: 65%; border: 0; height: 1px; background-image: linear-gradient(90deg, rgba(239,239,239,1) 0%, rgba(168,168,168,1) 38%, rgba(50,50,50,1) 88%);\"\/>\n&nbsp;<br \/>\n&nbsp;<br \/>\n&nbsp;<\/p>\n<div style=\"margin-left: 5em; text-align: left; line-height: 1.2em; font-family: dinalternate-italic; font-size: 12pt;\">5. Foster KA, Galeffi F, Gerich FJ, Turner DA, M\u00fcller M.<\/p>\n<div style=\"line-height: 22pt; font-family: dinalternate-bold; font-size: 18pt;\"><a href=\"https:\/\/pubmed.ncbi.nlm.nih.gov\/16920246\/\" target=\"_blank\" rel=\"noopener noreferrer\">Optical and pharmacological tools to investigate the role of mitochondria during oxidative stress and neurodegeneration<\/a><\/p>\n<div style=\"margin-top: -1em; font-family: din-regularalternate; font-size: 12pt;\">Prog Neurobiol. 2006 Jun;79(3):136-71. doi: 10.1016\/j.pneurobio.2006.07.001<\/div>\n<\/div>\n<\/div>\n<hr style=\"margin-left: -20%; align-right; width: 65%; border: 0; height: 1px; background-image: linear-gradient(90deg, rgba(239,239,239,1) 0%, rgba(168,168,168,1) 38%, rgba(50,50,50,1) 88%);\"\/>\n&nbsp;<br \/>\n&nbsp;<br \/>\n&nbsp;<\/p>\n<div style=\"margin-left: 5em; text-align: left; line-height: 1.2em; font-family: dinalternate-italic; font-size: 12pt;\">6. Gerich FJ, Hepp S, Probst I, M\u00fcller M.<\/p>\n<div style=\"line-height: 22pt; font-family: dinalternate-bold; font-size: 18pt;\"><a href=\"https:\/\/pubmed.ncbi.nlm.nih.gov\/16611842\/\" target=\"_blank\" rel=\"noopener noreferrer\">Mitochondrial inhibition prior to oxygen-withdrawal facilitates the occurrence of hypoxia-induced spreading depression in rat hippocampal slices<\/a><\/p>\n<div style=\"margin-top: -1em; font-family: din-regularalternate; font-size: 12pt;\">J Neurophysiol. 2006 Jul;96(1):492-504. doi: 10.1152\/jn.01015.2005. Epub 2006 Apr 12.<\/div>\n<\/div>\n<\/div>\n<hr style=\"margin-left: -20%; align-right; width: 65%; border: 0; height: 1px; background-image: linear-gradient(90deg, rgba(239,239,239,1) 0%, rgba(168,168,168,1) 38%, rgba(50,50,50,1) 88%);\"\/>\n&nbsp;<br \/>\n&nbsp;<br \/>\n&nbsp;<\/p>\n<div style=\"margin-left: 5em; text-align: left; line-height: 1.2em; font-family: dinalternate-italic; font-size: 12pt;\">7. Hirzel K, M\u00fcller U, Latal AT, H\u00fclsmann S, Grudzinska J, Seeliger MW, Betz H, Laube B.<\/p>\n<div style=\"line-height: 22pt; font-family: dinalternate-bold; font-size: 18pt;\"><a href=\"https:\/\/pubmed.ncbi.nlm.nih.gov\/17114051\/\" target=\"_blank\" rel=\"noopener noreferrer\">Hyperekplexia phenotype of glycine receptor alpha1 subunit<br \/>\nmutant mice identifies Zn(2+) as an essential endogenous modulator<br \/>\nof glycinergic neurotransmission<\/a><\/p>\n<div style=\"margin-top: -1em; font-family: din-regularalternate; font-size: 12pt;\">Neuron. 2006 Nov 22;52(4):679-90. doi: 10.1016\/j.neuron.2006.09.035<\/div>\n<\/div>\n<\/div>\n<hr style=\"margin-left: -20%; align-right; width: 65%; border: 0; height: 1px; background-image: linear-gradient(90deg, rgba(239,239,239,1) 0%, rgba(168,168,168,1) 38%, rgba(50,50,50,1) 88%);\"\/>\n&nbsp;<br \/>\n&nbsp;<br \/>\n&nbsp;<\/p>\n<div style=\"margin-left: 5em; text-align: left; line-height: 1.2em; font-family: dinalternate-italic; font-size: 12pt;\">8. Kaiser M, Maletzki I, H\u00fclsmann S, Holtmann B, Schulz-Schaeffer W, Kirchhoff F, B\u00e4hr M, Neusch C.<\/p>\n<div style=\"line-height: 22pt; font-family: dinalternate-bold; font-size: 18pt;\"><a href=\"https:\/\/pubmed.ncbi.nlm.nih.gov\/16925593\/\" target=\"_blank\" rel=\"noopener noreferrer\">Progressive loss of a glial potassium channel (KCNJ10) in the spinal cord of<br \/>\nthe SOD1 (G93A) transgenic mouse model of amyotrophic lateral sclerosis<\/a><\/p>\n<div style=\"margin-top: -1em; font-family: din-regularalternate; font-size: 12pt;\">J Neurochem. 2006 Nov;99(3):900-12. doi: 10.1111\/j.1471-4159.2006.04131.x. Epub 2006 Aug 21.<\/div>\n<\/div>\n<\/div>\n<hr style=\"margin-left: -20%; align-right; width: 65%; border: 0; height: 1px; background-image: linear-gradient(90deg, rgba(239,239,239,1) 0%, rgba(168,168,168,1) 38%, rgba(50,50,50,1) 88%);\"\/>\n&nbsp;<br \/>\n&nbsp;<br \/>\n&nbsp;<\/p>\n<div style=\"margin-left: 5em; text-align: left; line-height: 1.2em; font-family: dinalternate-italic; font-size: 12pt;\">9. Lazarov N, Rozloznik M, Reindl S, Rey-Ares V, Dutschmann M, Gratzl M.<\/p>\n<div style=\"line-height: 22pt; font-family: dinalternate-bold; font-size: 18pt;\"><a href=\"https:\/\/pubmed.ncbi.nlm.nih.gov\/17229092\/\" target=\"_blank\" rel=\"noopener noreferrer\">Expression of histamine receptors and effect of histamine in the rat carotid body chemoafferent pathway<\/a><\/p>\n<div style=\"margin-top: -1em; font-family: din-regularalternate; font-size: 12pt;\">Eur J Neurosci. 2006 Dec;24(12):3431-44. doi: 10.1111\/j.1460-9568.2006.05241.x<\/div>\n<\/div>\n<\/div>\n<hr style=\"margin-left: -20%; align-right; width: 65%; border: 0; height: 1px; background-image: linear-gradient(90deg, rgba(239,239,239,1) 0%, rgba(168,168,168,1) 38%, rgba(50,50,50,1) 88%);\"\/>\n&nbsp;<br \/>\n&nbsp;<br \/>\n&nbsp;<\/p>\n<div style=\"margin-left: 5em; text-align: left; line-height: 1.2em; font-family: dinalternate-italic; font-size: 12pt;\">10. Mironov SL.<\/p>\n<div style=\"line-height: 22pt; font-family: dinalternate-bold; font-size: 18pt;\"><a href=\"https:\/\/pubmed.ncbi.nlm.nih.gov\/16485263\/\" target=\"_blank\" rel=\"noopener noreferrer\">Spontaneous and evoked neuronal activities regulate movements of<br \/>\nsingle neuronal mitochondria<\/a><\/p>\n<div style=\"margin-top: -1em; font-family: din-regularalternate; font-size: 12pt;\">Synapse. 2006 Jun 1;59(7):403-11. doi: 10.1002\/syn.20256<\/div>\n<\/div>\n<\/div>\n<hr style=\"margin-left: -20%; align-right; width: 65%; border: 0; height: 1px; background-image: linear-gradient(90deg, rgba(239,239,239,1) 0%, rgba(168,168,168,1) 38%, rgba(50,50,50,1) 88%);\"\/>\n&nbsp;<br \/>\n&nbsp;<br \/>\n&nbsp;<\/p>\n<div style=\"margin-left: 5em; text-align: left; line-height: 1.2em; font-family: dinalternate-italic; font-size: 12pt;\">11. Mironov SL, Symonchuk N.<\/p>\n<div style=\"line-height: 22pt; font-family: dinalternate-bold; font-size: 18pt;\"><a href=\"https:\/\/pubmed.ncbi.nlm.nih.gov\/17105774\/\" target=\"_blank\" rel=\"noopener noreferrer\">ER vesicles and mitochondria move and communicate at synapses<\/a><\/p>\n<div style=\"margin-top: -1em; font-family: din-regularalternate; font-size: 12pt;\">J Cell Sci. 2006 Dec 1;119(Pt 23):4926-34. doi: 10.1242\/jcs.03254. Epub 2006 Nov 14.<\/div>\n<\/div>\n<\/div>\n<hr style=\"margin-left: -20%; align-right; width: 65%; border: 0; height: 1px; background-image: linear-gradient(90deg, rgba(239,239,239,1) 0%, rgba(168,168,168,1) 38%, rgba(50,50,50,1) 88%);\"\/>\n&nbsp;<br \/>\n&nbsp;<br \/>\n&nbsp;<\/p>\n<div style=\"margin-left: 5em; text-align: left; line-height: 1.2em; font-family: dinalternate-italic; font-size: 12pt;\">12. Neusch C, Papadopoulos N, M\u00fcller M, Maletzki I, Winter SM, Hirrlinger J, Handschuh M, B\u00e4hr M,<br \/>\nRichter DW, Kirchhoff F, H\u00fclsmann S.<\/p>\n<div style=\"line-height: 22pt; font-family: dinalternate-bold; font-size: 18pt;\"><a href=\"https:\/\/pubmed.ncbi.nlm.nih.gov\/16306174\/\" target=\"_blank\" rel=\"noopener noreferrer\">Lack of the Kir4.1 channel subunit abolishes K+ buffering properties of astrocytes in the ventral respiratory group: impact on extracellular K+ regulation<\/a><\/p>\n<div style=\"margin-top: -1em; font-family: din-regularalternate; font-size: 12pt;\">J Neurophysiol. 2006 Mar;95(3):1843-52. doi: 10.1152\/jn.00996.2005. Epub 2005 Nov 23.<\/div>\n<\/div>\n<\/div>\n<hr style=\"margin-left: -20%; align-right; width: 65%; border: 0; height: 1px; background-image: linear-gradient(90deg, rgba(239,239,239,1) 0%, rgba(168,168,168,1) 38%, rgba(50,50,50,1) 88%);\"\/>\n&nbsp;<br \/>\n&nbsp;<br \/>\n&nbsp;<\/p>\n<div style=\"margin-left: 5em; text-align: left; line-height: 1.2em; font-family: dinalternate-italic; font-size: 12pt;\">13. Paulus W, Schomburg ED.<\/p>\n<div style=\"line-height: 22pt; font-family: dinalternate-bold; font-size: 18pt;\"><a href=\"https:\/\/pubmed.ncbi.nlm.nih.gov\/16762808\/\" target=\"_blank\" rel=\"noopener noreferrer\">Dopamine and the spinal cord in restless legs syndrome:<br \/>\ndoes spinal cord physiology reveal a basis for augmentation?<\/a><\/p>\n<div style=\"margin-top: -1em; font-family: din-regularalternate; font-size: 12pt;\">Sleep Med Rev. 2006 Jun;10(3):185-96. doi: 10.1016\/j.smrv.2006.01.004<\/div>\n<\/div>\n<\/div>\n<hr style=\"margin-left: -20%; align-right; width: 65%; border: 0; height: 1px; background-image: linear-gradient(90deg, rgba(239,239,239,1) 0%, rgba(168,168,168,1) 38%, rgba(50,50,50,1) 88%);\"\/>\n&nbsp;<br \/>\n&nbsp;<br \/>\n&nbsp;<\/p>\n<div style=\"margin-left: 5em; text-align: left; line-height: 1.2em; font-family: dinalternate-italic; font-size: 12pt;\">14. Piechotta K, Dudanova I, Missler M.<\/p>\n<div style=\"line-height: 22pt; font-family: dinalternate-bold; font-size: 18pt;\"><a href=\"https:\/\/pubmed.ncbi.nlm.nih.gov\/16855838\/\" target=\"_blank\" rel=\"noopener noreferrer\">The resilient synapse: insights from genetic interference of<br \/>\nsynaptic cell adhesion molecules<\/a><\/p>\n<div style=\"margin-top: -1em; font-family: din-regularalternate; font-size: 12pt;\">Cell Tissue Res. 2006 Nov;326(2):617-42. doi: 10.1007\/s00441-006-0267-4. Epub 2006 Jul 20.<\/div>\n<\/div>\n<\/div>\n<hr style=\"margin-left: -20%; align-right; width: 65%; border: 0; height: 1px; background-image: linear-gradient(90deg, rgba(239,239,239,1) 0%, rgba(168,168,168,1) 38%, rgba(50,50,50,1) 88%);\"\/>\n&nbsp;<br \/>\n&nbsp;<br \/>\n&nbsp;<\/p>\n<div style=\"margin-left: 5em; text-align: left; line-height: 1.2em; font-family: dinalternate-italic; font-size: 12pt;\">15. Schomburg ED, Steffens H, Maznychenko AV, Pilyavskii AI, Hellstrom F, Kostyukov AI, Maisky VA.<\/p>\n<div style=\"line-height: 22pt; font-family: dinalternate-bold; font-size: 18pt;\"><a href=\"https:\/\/pubmed.ncbi.nlm.nih.gov\/17118680\/\" target=\"_blank\" rel=\"noopener noreferrer\">Acute muscle inlammation enhanced the monosynaptic reflexes and<br \/>\nc-fos expression in the feline spinal cord<\/a><\/p>\n<div style=\"margin-top: -1em; font-family: din-regularalternate; font-size: 12pt;\">Eur J Pain. 2007 Jul;11(5):579-86. doi: 10.1016\/j.ejpain.2006.09.004. Epub 2006 Nov 22.<\/div>\n<\/div>\n<\/div>\n<hr style=\"margin-left: -20%; align-right; width: 65%; border: 0; height: 1px; background-image: linear-gradient(90deg, rgba(239,239,239,1) 0%, rgba(168,168,168,1) 38%, rgba(50,50,50,1) 88%);\"\/>\n&nbsp;<br \/>\n&nbsp;<br \/>\n&nbsp;<\/p>\n<div style=\"margin-left: 5em; text-align: left; line-height: 1.2em; font-family: dinalternate-italic; font-size: 12pt;\">16. Sons MS, Busche N, Strenzke N, Moser T, Ernsberger U, Mooren FC, Zhang W, Ahmad M, Steffens H, Schomburg ED, Plomp JJ, Missler M.<\/p>\n<div style=\"line-height: 22pt; font-family: dinalternate-bold; font-size: 18pt;\"><a href=\"https:\/\/pubmed.ncbi.nlm.nih.gov\/16406382\/\" target=\"_blank\" rel=\"noopener noreferrer\">alpha-Neurexins are required for efficient transmitter release and synaptic homeostasis at the mouse neuromuscular junction<\/a><\/p>\n<div style=\"margin-top: -1em; font-family: din-regularalternate; font-size: 12pt;\">Neuroscience. 2006;138(2):433-46.  doi: 10.1016\/j.neuroscience.2005.11.040. Epub 2006 Jan 10.<\/div>\n<\/div>\n<\/div>\n<hr style=\"margin-left: -20%; align-right; width: 65%; border: 0; height: 1px; background-image: linear-gradient(90deg, rgba(239,239,239,1) 0%, rgba(168,168,168,1) 38%, rgba(50,50,50,1) 88%);\"\/>\n&nbsp;<br \/>\n&nbsp;<br \/>\n&nbsp;<\/p>\n<div style=\"margin-left: 5em; text-align: left; line-height: 1.2em; font-family: dinalternate-italic; font-size: 12pt;\">17. Swan LE, Schmidt M, Schwarz T, Ponimaskin E, Prange U, Boeckers T, Thomas U, Sigrist SJ.<\/p>\n<div style=\"line-height: 22pt; font-family: dinalternate-bold; font-size: 18pt;\"><a href=\"https:\/\/pubmed.ncbi.nlm.nih.gov\/16858411\/\" target=\"_blank\" rel=\"noopener noreferrer\">Complex interaction of Drosophila GRIP PDZ domains and Echinoid<br \/>\nduring muscle morphogenesis<\/a><\/p>\n<div style=\"margin-top: -1em; font-family: din-regularalternate; font-size: 12pt;\">EMBO J. 2006 Aug 9;25(15):3640-51. doi: 10.1038\/sj.emboj.7601216. Epub 2006 Jul 20.<\/div>\n<\/div>\n<\/div>\n<hr style=\"margin-left: -20%; align-right; width: 65%; border: 0; height: 1px; background-image: linear-gradient(90deg, rgba(239,239,239,1) 0%, rgba(168,168,168,1) 38%, rgba(50,50,50,1) 88%);\"\/>\n&nbsp;<br \/>\n&nbsp;<br \/>\n&nbsp;<\/p>\n<div style=\"margin-left: 5em; text-align: left; line-height: 1.2em; font-family: dinalternate-italic; font-size: 12pt;\">18. Sz\u00f6ke K, H\u00e4rtel K, Grass D, Hirrlinger PG, Hirrlinger J, H\u00fclsmann S.<\/p>\n<div style=\"line-height: 22pt; font-family: dinalternate-bold; font-size: 18pt;\"><a href=\"https:\/\/pubmed.ncbi.nlm.nih.gov\/17010320\/\" target=\"_blank\" rel=\"noopener noreferrer\">Glycine transporter 1 expression in the ventral respiratory group<br \/>\nis restricted to protoplasmic astrocytes<\/a><\/p>\n<div style=\"margin-top: -1em; font-family: din-regularalternate; font-size: 12pt;\">Brain Res. 2006 Nov 13;1119(1):182-9. doi: 10.1016\/j.brainres.2006.08.089. Epub 2006 Sep 28.<\/div>\n<\/div>\n<\/div>\n<hr style=\"margin-left: -20%; align-right; width: 65%; border: 0; height: 1px; background-image: linear-gradient(90deg, rgba(239,239,239,1) 0%, rgba(168,168,168,1) 38%, rgba(50,50,50,1) 88%);\"\/>\n&nbsp;<br \/>\n&nbsp;<br \/>\n&nbsp;<\/p>\n<div style=\"margin-left: 5em; text-align: left; line-height: 1.2em; font-family: dinalternate-italic; font-size: 12pt;\">19. Varoqueaux F, Aramuni G, Rawson RL, Mohrmann R, Missler M, Gottmann K,<br \/>\nZhang W, S\u00fcdhof TC, Brose N.<\/p>\n<div style=\"line-height: 22pt; font-family: dinalternate-bold; font-size: 18pt;\"><a href=\"https:\/\/pubmed.ncbi.nlm.nih.gov\/16982420\/\" target=\"_blank\" rel=\"noopener noreferrer\">Neuroligins determine synapse maturation and function<\/a><\/p>\n<div style=\"margin-top: -1em; font-family: din-regularalternate; font-size: 12pt;\">Neuron. 2006 Sep 21;51(6):741-54. doi: 10.1016\/j.neuron.2006.09.003<\/div>\n<\/div>\n<\/div>\n<hr style=\"margin-left: -20%; align-right; width: 65%; border: 0; height: 1px; background-image: linear-gradient(90deg, rgba(239,239,239,1) 0%, rgba(168,168,168,1) 38%, rgba(50,50,50,1) 88%);\"\/>\n&nbsp;<br \/>\n&nbsp;<br \/>\n&nbsp;<\/p>\n<div style=\"margin-left: 5em; text-align: left; line-height: 1.2em; font-family: dinalternate-italic; font-size: 12pt;\">20. Weishaupt JH, Lewinski F, B\u00e4hr M, Keller B.<\/p>\n<div style=\"line-height: 22pt; font-family: dinalternate-bold; font-size: 18pt;\"><a href=\"https:\/\/www.researchgate.net\/publication\/293560528_Motoneuron_disease_and_amyotrophic_lateral_sklerosis_ALS_From_molecular_analysis_to_novel_clinical_therapies\" target=\"_blank\" rel=\"noopener noreferrer\">Motoneuron disease and ALS:<br \/>\nFrom molecular analysis to novel clinical therapies<\/a><\/p>\n<div style=\"margin-top: -1em; font-family: din-regularalternate; font-size: 12pt;\">Neuroforum, 4: 252-259<\/div>\n<\/div>\n<\/div>\n<hr style=\"margin-left: -20%; align-right; width: 65%; border: 0; height: 1px; background-image: linear-gradient(90deg, rgba(239,239,239,1) 0%, rgba(168,168,168,1) 38%, rgba(50,50,50,1) 88%);\"\/>\n&nbsp;<br \/>\n&nbsp;<br \/>\n&nbsp;<\/p>\n<div style=\"margin-left: 5em; text-align: left; line-height: 1.2em; font-family: dinalternate-italic; font-size: 12pt;\">21. Zhao MG, H\u00fclsmann S, Winter SM, Dutschmann M, Richter DW.<\/p>\n<div style=\"line-height: 22pt; font-family: dinalternate-bold; font-size: 18pt;\"><a href=\"https:\/\/pubmed.ncbi.nlm.nih.gov\/16800867\/\" target=\"_blank\" rel=\"noopener noreferrer\">Calcium-regulated potassium currents secure respiratory rhythm<br \/>\ngeneration after loss of glycinergic inhibition<\/a><\/p>\n<div style=\"margin-top: -1em; font-family: din-regularalternate; font-size: 12pt;\">Eur J Neurosci. 2006 Jul;24(1):145-54. doi: 10.1111\/j.1460-9568.2006.04877.x. Epub 2006 Jun 26.<\/div>\n<\/div>\n<\/div>\n<hr style=\"margin-left: -20%; align-right; width: 65%; border: 0; height: 1px; background-image: linear-gradient(90deg, rgba(239,239,239,1) 0%, rgba(168,168,168,1) 38%, rgba(50,50,50,1) 88%);\"\/>\n","protected":false},"excerpt":{"rendered":"<p>&nbsp; &nbsp; &nbsp; &nbsp; 1. B\u00fcschges A, Duch C, Grillner S, Isa T, Lansner A, Pfl\u00fcger HJ, Richter DW, Sillar KT, Smith JC, Sparks DL. Microcircuits in the Motor System In: Grillner S, Graybiel AM (Hg.) Microcircuits: The Interface between Neurons and Global Brain Function. The MIT Press, Cambridge, 77-103 &nbsp; &nbsp; &nbsp; 2. Dudanova &hellip; <\/p>\n<p class=\"link-more\"><a href=\"https:\/\/www.neuro-physiol.med.uni-goettingen.de\/wordpress\/publications\/2006-2\/\" class=\"more-link\"><span class=\"screen-reader-text\">\u201ePublications\u00a0\u00a02006\u201c <\/span>weiterlesen<\/a><\/p>\n","protected":false},"author":1,"featured_media":0,"parent":54,"menu_order":16,"comment_status":"closed","ping_status":"closed","template":"","meta":{"footnotes":""},"class_list":["post-98","page","type-page","status-publish","hentry"],"_links":{"self":[{"href":"https:\/\/www.neuro-physiol.med.uni-goettingen.de\/wordpress\/wp-json\/wp\/v2\/pages\/98","targetHints":{"allow":["GET"]}}],"collection":[{"href":"https:\/\/www.neuro-physiol.med.uni-goettingen.de\/wordpress\/wp-json\/wp\/v2\/pages"}],"about":[{"href":"https:\/\/www.neuro-physiol.med.uni-goettingen.de\/wordpress\/wp-json\/wp\/v2\/types\/page"}],"author":[{"embeddable":true,"href":"https:\/\/www.neuro-physiol.med.uni-goettingen.de\/wordpress\/wp-json\/wp\/v2\/users\/1"}],"replies":[{"embeddable":true,"href":"https:\/\/www.neuro-physiol.med.uni-goettingen.de\/wordpress\/wp-json\/wp\/v2\/comments?post=98"}],"version-history":[{"count":0,"href":"https:\/\/www.neuro-physiol.med.uni-goettingen.de\/wordpress\/wp-json\/wp\/v2\/pages\/98\/revisions"}],"up":[{"embeddable":true,"href":"https:\/\/www.neuro-physiol.med.uni-goettingen.de\/wordpress\/wp-json\/wp\/v2\/pages\/54"}],"wp:attachment":[{"href":"https:\/\/www.neuro-physiol.med.uni-goettingen.de\/wordpress\/wp-json\/wp\/v2\/media?parent=98"}],"curies":[{"name":"wp","href":"https:\/\/api.w.org\/{rel}","templated":true}]}}